3*p = -4*w + 1145, 5*w = 5*p - 2*p + 1438. Suppose -w = -2*i + i. Is i a composite number?
True
Suppose -16 = -4*x, 3*j + 4 = -3*x + 16. Suppose -3*z = -j*z - 1695. Suppose -o - 4*o = -z. Is o a composite number?
False
Suppose 0*k = -2*u - k + 16, 5*k + 24 = 3*u. Suppose f + 4*j + 122 = u*j, -3*f - 426 = 3*j. Let l = -89 - f. Is l a composite number?
True
Suppose -5*l - 300 = -10*l. Suppose 0*o = -4*o + l. Is o a composite number?
True
Suppose 0 = -y + 4*h + 12, 9*y + h + 3 = 6*y. Suppose 2*b + 0*b - 62 = y. Is b a composite number?
False
Let r be (-1 + 4)/((-9)/(-12)). Suppose 0 = 3*a + 2*h - 15, -r*a + 3*h = 2*h - 31. Is a a composite number?
False
Let p(v) = 22*v + 17. Suppose -3*b - 6 = -h, -4*h + 2*b + b + 24 = 0. Is p(h) a composite number?
False
Let u = 166 - 39. Is u a composite number?
False
Let r = -8 + 13. Suppose -55 = a + l, 0*a - r*l + 145 = -2*a. Let k = a + 139. Is k prime?
True
Is (-1 + -5)/3 + 1*2497 composite?
True
Suppose 7 = -2*y - 1. Let u(d) = d**3 + 7*d**2 + 4*d + 5. Is u(y) composite?
False
Let z(n) = n**3 + 9*n**2 - 11*n - 8. Let r be z(-10). Let w be r/(2*1/(-37)). Let c = w + 88. Is c prime?
False
Let x be (4 - 2 - 2)/(-2). Suppose x*u + 76 = 4*u. Is u a composite number?
False
Suppose 14756 = -4*c + 2*s, -12497 = 5*c + 5*s + 5918. Is (-4)/16 - c/12 a prime number?
True
Let m(n) = -4*n - 3. Let j be m(3). Let t(r) = 30*r - 1. Let g be t(1). Let o = g + j. Is o prime?
False
Is (-12)/15 + (-2337)/(-15) composite?
True
Suppose 5*p - 104 = x + 168, 3*p + 4*x = 177. Is p composite?
True
Suppose 3*k + f - 4591 = 0, -3*f + 7651 = 5*k - f. Is k composite?
False
Is ((-762)/(-4))/((-15)/(-20)) prime?
False
Let z = -24 + 51. Let t = -53 + z. Is t*-2*15/12 prime?
False
Suppose 0 = 2*a - 4, -5*c - 5*a + 5581 = -2*a. Is c a prime number?
False
Let d = 495 + -284. Is d a prime number?
True
Let v = -853 - -2318. Is v prime?
False
Let x(s) = 66*s + 1. Is x(6) composite?
False
Let z(r) = -r**3 + 5*r**2 + 4*r + 2. Let k be z(6). Let d = k - -18. Suppose 3*b - x = 109, 3*b + d = 5*x + 109. Is b composite?
False
Suppose 4*f = -w - f - 15, f = -3*w - 17. Let k = w - -8. Is k prime?
True
Let x be (68/12)/((-2)/(-6)). Let b be x/3 - (-2)/(-3). Suppose -15 = 3*o, 0 = -2*h - o + b*o + 34. Is h composite?
False
Suppose 5*v + 3*c = 4, c + 10 + 0 = 4*v. Suppose 0 = -v*p + p. Suppose p = 2*n - 0*n - 98. Is n a composite number?
True
Let h be (-2)/6 + 2540/(-12). Let b be (h/8)/((-2)/44). Suppose -s + 7*j + 131 = 4*j, -b = -5*s - 3*j. Is s a composite number?
True
Let y be -4*(233/4 + 3). Let f = -118 - y. Is f prime?
True
Suppose 4*o = 6*o. Suppose -a - 2*i = -o*a - 27, 0 = -2*a + 4*i + 70. Is a composite?
False
Let q = -386 + 1359. Is q prime?
False
Let q(x) = x**2 + 5*x + 7. Let g be q(-5). Let z(w) = -w + 9. Let u be z(g). Suppose -u*t + 35 = 3*t. Is t prime?
True
Suppose -2*g - 2*g = -24. Let d be 4/g + 35/15. Suppose 6*b - d*b = 21. Is b a prime number?
True
Let x = -42 + 20. Let y = 61 + x. Let s = y + -2. Is s a composite number?
False
Let p = 122 - 35. Let w = -62 + p. Is w a prime number?
False
Suppose 2*n - 6 = 4*f - 2*f, -4*n + f = -27. Let g = 55 - n. Is g prime?
True
Let x(o) be the first derivative of 31*o**4/4 - o**3/3 + o**2/2 - 6. Is x(1) prime?
True
Let k = 21 + 216. Is k prime?
False
Let s(r) = -18*r - 31. Is s(-9) composite?
False
Let j(c) = -2*c - 2 - c**2 + 1 - 211*c**3 + 0*c**2 + 0*c**2. Is j(-1) composite?
False
Let x = 1764 - 683. Is x a prime number?
False
Let m(u) be the first derivative of u**4/4 - 5*u**3/3 + 2*u**2 - 3. Let s be m(4). Suppose x + 3*x - 148 = s. Is x prime?
True
Let b = 5 + 0. Suppose -170 = -t + y + 2*y, -b*t + 920 = -y. Is t a composite number?
True
Let c(b) = 6*b. Let t(s) = -s**2 + 6*s. Let n(p) = 3*c(p) - 4*t(p). Let y be n(-5). Suppose 5*l = y - 0. Is l a composite number?
True
Let u(r) = 1. Let p(y) = -31*y - 186. Let z(h) = -p(h) - 186*u(h). Is z(1) composite?
False
Suppose -2*l = -6 + 2. Suppose -4*a + 7*a - 8 = k, l*a - 4 = 0. Is (k/3)/((-10)/105) prime?
True
Let q(p) = 8*p + 15. Is q(7) composite?
False
Let b(s) = 90*s**2 + s - 16. Is b(3) a composite number?
False
Let d = 25 + -14. Is d a composite number?
False
Let r be (-32)/12*(-3 + 0). Suppose -5*i = 4 - 19. Suppose r*g = i*g + 385. Is g a composite number?
True
Suppose 4*j - 220 = -0*j. Is j composite?
True
Let b be -2 + (-1)/(3/(-2427)). Is 1/(1 - 804/b) prime?
True
Suppose 0 = -y + 507 - 8. Is y a composite number?
False
Suppose j - 3*q - 9 = 24, -41 = -j + q. Suppose 5*r - 330 = -4*t, -t + 5*r + j + 50 = 0. Is t prime?
False
Let i = 0 - 0. Let n be i*(0 + -1)*-1. Suppose n*s - 154 = -2*s + 2*t, -5*t = -10. Is s a composite number?
False
Let o = -2247 - -5367. Suppose -3*y + y = -2*z + 1232, -5*z - 3*y + o = 0. Let g = z - 362. Is g prime?
False
Let a be 24/36 + (-16)/6. Is 0/6 + a + 403 a composite number?
False
Suppose -l + 11942 = l. Is l composite?
True
Suppose 3*r - 746 = r. Is r a composite number?
False
Suppose 0 = 10*w - 6502 - 2368. Is w composite?
False
Suppose -1063 = -8*z + 1041. Is z a prime number?
True
Let u(p) = 11*p**2 - 9*p - 13. Let j = 6 + 3. Is u(j) composite?
False
Suppose 2*c = 3*m - 64, 4*c + 26 - 96 = -3*m. Is m composite?
True
Let f(o) be the third derivative of o**5/30 + 5*o**4/24 + o**3/3 - o**2. Let h be f(6). Let s = -67 + h. Is s composite?
False
Let o(b) = -b**3 + 5*b**2 + 4*b - 11. Let p be o(5). Let a be -2 - -1*7 - -1. Let l = a + p. Is l prime?
False
Let k be (-18)/(0 - 6/8). Let g be k*4*1/2. Let q = 71 - g. Is q prime?
True
Let r = -509 + 808. Is r a composite number?
True
Let k(c) = -9*c + 4. Let o be (0 + 2)*(-7)/2. Is k(o) prime?
True
Let b(k) = 10*k**2 + 5*k + 17. Is b(7) prime?
False
Suppose 2*y = -5*f + f + 1350, -3*f + 3382 = 5*y. Is y composite?
False
Let k = 20 - 17. Let z(m) = 23*m**2 + m - 1. Is z(k) prime?
False
Let o be -20*(1 - (-87)/(-12)). Suppose n - o = 256. Is n prime?
False
Let z = -293 - -622. Is z a composite number?
True
Let w = 4 + -2. Suppose 0*u = -w*u - 4*q + 122, -5*u + 5*q = -320. Suppose -2*k = 5*a - u, 0 = 5*k - 18 - 2. Is a prime?
True
Suppose 5*l + 73 = 3*x + x, l + 41 = 3*x. Suppose 0 = 2*h + x - 536. Is h prime?
False
Let l(s) = 7*s**3 - 4*s**2 - 18*s + 16. Let i(f) = -6*f**3 + 4*f**2 + 17*f - 15. Let d(v) = -6*i(v) - 5*l(v). Is d(9) prime?
True
Let m(j) = j**3 - 11*j**2 + 11*j - 7. Let s be m(10). Suppose 2*o = -w + 4, 2*w + 2*o - 10 = -s*o. Suppose 16 = -4*b, -2*v + 2*b + 38 + 144 = w. Is v prime?
False
Let h(z) = -z**3 + 12*z**2 - 2*z + 28. Is h(9) a composite number?
True
Let j(f) = f. Let a be j(6). Suppose 2*n + 2*z = a, -4*z - 12 = -0*n - 4*n. Is n a prime number?
True
Let j = 1 + 4. Suppose -j*g + o + 98 = 0, 0 = -4*g + 2*o + 63 + 19. Is g composite?
False
Suppose 4*c - 4*n - 6 = -6*n, 5*c = 2*n + 30. Suppose -c*m = 3*p - 61, 1 = -5*m + 21. Is p a composite number?
True
Is (8 - 10) + (-2 - -14) prime?
False
Is (446/(-4))/((-1)/6) a prime number?
False
Suppose 19 = 3*p - u, 3*p + 3*u = 7*p - 32. Suppose p*q - 15 - 120 = 0. Suppose z + 9 + q = m, 3*z = m - 38. Is m a composite number?
True
Suppose 3*u = -0*i - 4*i + 625, 3*u + 5*i = 620. Let c = u - -252. Is c prime?
True
Suppose -5*l + 2*j = -14, -3*j = -l - j + 6. Suppose 6*o = l*o. Suppose -2*y - y + 57 = o. Is y a prime number?
True
Let s(f) = -f**2 - f + 2. Let r = 4 + -4. Let i be s(r). Is (1/2)/(i/100) a prime number?
False
Suppose g - 12 = -3*g. Let f = g + -1. Let o = 28 - f. Is o a composite number?
True
Let z(l) = l**3 + l. Let r(t) = -t**3 + 2*t**2 + 4*t - 2. Let h be r(3). Is z(h) prime?
True
Let s be (-132)/5 - 6/(-15). Let a = 115 + s. Let d = a - 52. Is d a composite number?
False
Let u be 122/18 + (-6)/(-27). Let x(k) = k**2 - 4*k - 7. Is x(u) a prime number?
False
Suppose 4*s - 17 = 5*p, -5 = -4*s - 5*p + 2. Suppose 0 = s*b - 15, -2*l - 4*b + 25 = -l. Suppose -4*o - l*q + 58 = -62, 4*q = 4*o - 156. Is o composite?
True
Let i(b) = b**3 - 3*b**2 + 6*b - 3. Let n = -10 + 14. Is i(n) composite?
False
Suppose 4*k - 20 = 0, -5*i = -k - 3*k - 5225. Is i a prime number?
True
Is (1 + 2)/(4/68) prime?
False
Suppose -3*w + 80 = -2*n, -2*w + 3*w - 2*n = 28. Is w prime?
False
Let s = 184 + -78. Let l(k) = k + 2. Let g be l(2). Suppose 0 = -m + d + d + 19, 0 = g*m + 2*d - s. Is m prime?
False
Sup